 -2*c - x + 2989. Let u be c/279 - (-4)/9. Calculate the highest common divisor of 36 and u.
18
Let p be 1680/9 - (-4)/3 - 0. Suppose 4*q + 4*h = p, 2*q + h - 137 = -q. Calculate the highest common factor of 270 and q.
45
Let g = 106 + -153. Let i = g - -43. Let j be 0 - (92 + 4)/i. Calculate the greatest common factor of j and 60.
12
Let n be (264/(-108))/(-22)*9. Let d be 14/6 + 6/9. Suppose -d*k + 1 + 20 = 0. Calculate the greatest common factor of k and n.
1
Suppose 13*u - 3*t - 14 = 8*u, -2 = -t. Suppose l = -2*z - 0*z + 56, 0 = u*l. What is the greatest common divisor of 182 and z?
14
Let i = -109 + 111. Suppose 16 = 2*x - 2*s, x + i*x + 5*s = 32. What is the greatest common factor of 144 and x?
9
Let g be (5 - -1)/(-3)*-4. Let i = 6589 - 6581. What is the greatest common factor of g and i?
8
Let q(k) = 3*k**3 - 11*k**2 + 12*k - 33. Let s be q(4). Calculate the highest common divisor of s and 5952.
31
Suppose 4*c + 2213 = 5*i, 5*c = -2*i + 982 - 110. Suppose -72*x + 79*x = i. What is the greatest common factor of x and 84?
21
Let p(f) = 2*f**2 + 7*f - 7. Let y be p(5). Suppose -2*w + 120 = 2*h, -66 = -2*h + 4*w + y. Let v = -243 + 339. What is the highest common factor of h and v?
32
Suppose 0 = 18*x + 16*x + 748. Let w(c) = c**3 + 23*c**2 + 20*c + 61. Let p be w(x). Calculate the greatest common divisor of 70 and p.
35
Let s = 87 + -111. Let l = s - -122. What is the greatest common factor of l and 147?
49
Let l be ((-2060)/80 + 3)*(3 + (-1 - 6)). Let v(c) = -4*c + 2. Let b be v(-3). What is the greatest common factor of l and b?
7
Let g = 14327 + -13620. What is the greatest common divisor of g and 21?
7
Let t be (-1488)/(-40) + (-1)/5. Suppose 9*p - t = 287. What is the highest common divisor of 8 and p?
4
Suppose g + 119 - 398 = -4*t, 4*t + 917 = 3*g. Suppose -57 = -5*y - 5*z + 7*z, 29 = y + 4*z. Calculate the greatest common divisor of g and y.
13
Let k(a) = 120*a - 492. Let h be k(36). What is the greatest common factor of h and 87?
87
Let g = 7325 + -2079. What is the greatest common factor of g and 122?
122
Suppose 27*v = 20*v - 2247. Let f = v + 379. What is the highest common factor of 29 and f?
29
Suppose u = 2*t - 83, 15*t - 103 = 13*t - 3*u. Suppose t = 8*a + 28. What is the highest common divisor of a and 22?
2
Let q(p) = p**3 + 2*p**2 - 3*p - 1. Let s be q(3). Let u = -1403 - -899. Let w = u - -509. Calculate the highest common factor of s and w.
5
Let s be (5/2)/(1/2). Suppose -247 - 208 = s*r. Let n = r - -223. What is the highest common divisor of n and 12?
12
Let i(u) = 51*u**2 - 4*u + 4. Let c be i(1). Suppose 228 = -c*a + 55*a. What is the highest common divisor of a and 152?
19
Let a be 18/(-30) + (168/10)/3. Suppose -5*u = -3*q + 123, -2*q + 3*q - 61 = -a*u. Calculate the highest common factor of q and 230.
46
Let w(b) = -20*b + 14. Let a(r) = -19*r + 16. Let y(p) = -4*a(p) + 5*w(p). Let j be y(-2). Calculate the highest common divisor of 2 and j.
2
Let h = -1140 + 1392. What is the highest common divisor of h and 196?
28
Let t(g) be the third derivative of g**5/30 - g**4/24 - 9*g**3/2 - 2*g**2 - 11. Let d be t(5). What is the highest common divisor of 9 and d?
9
Suppose 0 = -18*g - 0*g. Suppose g = 49*h - 46*h - 378. Let r(i) = -6*i - 6. Let m be r(-8). What is the highest common divisor of m and h?
42
Suppose 34*m - 32*m - 432 = 0. Let n = -201 + m. Calculate the greatest common factor of n and 30.
15
Suppose 5*u - 3181 = -4*c, 260 = -c + 4*u + 1071. Let l = -270 + c. Calculate the greatest common factor of l and 46.
23
Let d(p) = p**3 + 295*p**2 + 3111*p + 4. Let v be d(-11). Calculate the greatest common factor of 1225 and v.
49
Let h(o) = o**2 - 7*o + 8. Let r be h(4). Let f be 20*(-5 - r)*-2. What is the greatest common factor of 8 and f?
8
Let o = -175 - -185. Let i be (-30)/(-165) - 3188/(-11). Calculate the greatest common divisor of i and o.
10
Let t(x) = 967*x - 298. Let n be t(2). Calculate the highest common factor of n and 8.
4
Let c(l) = -l**2 - 4*l + 13. Let h(d) = 3*d**2 + 13*d - 41. Let a(v) = 17*c(v) + 6*h(v). Let m be a(-15). Calculate the highest common factor of 10 and m.
10
Let v = -27585 - -27639. What is the greatest common divisor of 196 and v?
2
Let p be (116/6*27)/(-13 - (-232)/16). What is the highest common divisor of p and 1092?
12
Suppose -2*y + 17 = 3*l + 3*y, 5*l = -3*y + 39. Suppose -252 = -3*z - 3*d + l, 4*z - 339 = -d. Calculate the highest common factor of z and 105.
21
Let h = 24 + 22. Suppose 491*s - 16 = 483*s. What is the greatest common divisor of s and h?
2
Suppose 75*c = -10*c + 114240. What is the highest common factor of c and 273?
21
Let x(f) = 2*f**3 + 20*f**2 - 22*f + 17. Let c be x(-11). Suppose -130 - 74 = -c*o. Calculate the highest common divisor of 804 and o.
12
Let x(q) = -q**2 - q - 1. Let b(t) = -2*t**2 - 77*t + 11. Let w(h) = b(h) - 6*x(h). Let r be w(18). Calculate the greatest common divisor of r and 84.
7
Suppose -5*p - 200 = -3*u, -22 = -2*u + 5*p + 113. Calculate the greatest common divisor of 1703 and u.
13
Suppose 92 = 3*b + 29. Suppose 2*a + 5*k - 4 + b = 0, 5*a + 4*k = 0. Let y(q) = 48*q + 300. Let s be y(-6). What is the highest common factor of a and s?
4
Let h(s) = -2*s**2 - 99*s + 145. Let l be h(-50). What is the greatest common divisor of l and 589?
19
Suppose -2*u - 102 = -4*y - 4, -3*u - 120 = -5*y. Calculate the highest common divisor of y and 45.
9
Let x(a) = -272*a - 785. Let y be x(-12). What is the greatest common divisor of 37 and y?
37
Suppose 24*z - 32*z = -128. Suppose 76*p - 74*p - z = 0. What is the greatest common divisor of p and 14?
2
Let q = -283 - -513. Suppose -5*w + 205 = -q. Suppose -174 = -0*v - 3*v. Calculate the highest common factor of w and v.
29
Let x be ((-146452)/611 + (-28)/91)*(-236)/5. What is the highest common factor of 144 and x?
48
Let h = -17 - -59. Suppose 8*l = -18*l - 16848. Let y = l + 655. Calculate the highest common factor of h and y.
7
Let x(j) = j**2 - 41*j - 544. Let z be x(-20). Calculate the greatest common factor of z and 364.
52
Suppose 85*a = 27*a - 116. Suppose -g - 4 = -0*g. Let p be a/g - (-135)/6. Calculate the greatest common divisor of 92 and p.
23
Let k be ((2/7)/((-5)/(-35)))/1. Suppose f = 2*v + 25, f = k*v - v + 23. Suppose 0 = 34*b - 31*b - f. What is the highest common divisor of 63 and b?
7
Suppose p + 30 = 47. Let w(q) = -44*q + 4. Let n be w(-3). Calculate the highest common factor of n and p.
17
Let j = 750 + -716. Let t = 7 + -5. Suppose -w + 2*o = -44 - j, -147 = -t*w - 5*o. What is the greatest common divisor of 190 and w?
38
Suppose -4*m + 4*w + 493 = -167, 0 = -4*m + 3*w + 662. What is the greatest common divisor of m and 9853?
167
Let t = -73 + 75. Suppose -v = t*v - 240. Calculate the greatest common factor of v and 120.
40
Let b be 34 + 11/(198/(-468)). Let y be (2 - 2)/(2/(-1)). Suppose 2*o - 15 - 85 = -5*l, -4*l + 16 = y. Calculate the highest common factor of b and o.
8
Let w = -9320 - -9322. Calculate the greatest common factor of w and 3622.
2
Suppose -18*w = -53*w + 1170 + 895. What is the greatest common factor of 4307 and w?
59
Let x(w) = -w**3 + 2*w**2 + 15*w + 5. Let h be x(6). Let l be (-2)/7 - 5404/h. Calculate the highest common divisor of 20 and l.
10
Let n be (21/(-35))/1*-10. Suppose -4*i + 0*d - 2*d = 6, i - d = n. Calculate the highest common divisor of i and 17.
1
Let w = -7 + 10. Let s(h) = h**3 - 75*h**2 + 252*h - 60. Let i be s(3). Calculate the greatest common factor of w and i.
3
Let w(g) = -g + 5. Suppose -520 = 4*t - 9*t. Suppose 2*a - t = 10*a. Let k be w(a). What is the greatest common divisor of k and 144?
18
Let v = -11 - -13. Let t = v - -2. Suppose 0 = t*a - 6*n + n - 212, 0 = 2*a + 5*n - 76. Calculate the greatest common factor of a and 120.
24
Let l = 23 + -20. Let p(r) = -r**2 + 5*r - 4. Let g be p(l). Let f be (-12)/(4/(-1)) - (g - 84). Calculate the highest common divisor of f and 17.
17
Suppose 2090*o - 46228 = 2064*o. Calculate the highest common factor of 28 and o.
14
Let z(r) = -2*r**3 - 2*r - 6. Let q be z(-3). Suppose 7*n - 9 - q = 0. Let h = 22 + -19. Calculate the greatest common factor of h and n.
3
Let j(y) = 20*y**2. Let p be j(-1). Suppose -h - f + p = 2*f, 3*h + 5*f - 44 = 0. Suppose -2*a - 5*a + 56 = 0. What is t